- -558. Suppose 108 = 5*d - p. What are the prime factors of d?
2, 29
Let q be 5/(5 - 0)*2. Suppose -3*u - q*n + 97 = 0, 4*u - 2*n - 6 - 142 = 0. Let f = u - 24. List the prime factors of f.
11
Let t(y) = 23*y**2 + 7 + 16*y**2 - 17*y**2. What are the prime factors of t(-3)?
5, 41
Let v = 4 - -16. Let s = 52 - v. What are the prime factors of s?
2
Suppose 538 - 178 = 2*g. What are the prime factors of (-7)/(-2)*g/18?
5, 7
Let m(h) = 226*h - 110. What are the prime factors of m(6)?
2, 7, 89
Suppose 0*p = p + 3. Let j be 9*p*(-28)/(-18). List the prime factors of (324/(-42))/(9/j).
2, 3
Let z = 11 - 8. Let i be ((-29)/z)/((-7)/21). Suppose i + 17 = u. List the prime factors of u.
2, 23
Suppose 3*q + 9808 = 4*w, 22*w - 5*q = 23*w - 2475. List the prime factors of w.
5, 491
Suppose -l + 633 - 113 = 0. What are the prime factors of l?
2, 5, 13
Suppose -4*v + 2228 = 2*z, -3*z - 4*v + 2553 = -797. What are the prime factors of z?
2, 3, 11, 17
Let j be 0*((-2)/4)/1. Suppose 3*o - 50 = 2*t, j = t - 0*t - 3*o + 25. What are the prime factors of (-1010)/t - (-4)/(-10)?
2, 5
Let m be (-6)/9 - 310/(-6). Let s = 53 - m. List the prime factors of s.
2
Let v(h) = -19*h**3 - 2*h**2 + 1. Let w be v(1). Let g be (3/6)/((-2)/w). Suppose 0 = g*j - a - 117, -3*a - 63 = j - 4*j. What are the prime factors of j?
2, 3
Let r(j) = j + 15. Let z be r(-11). Suppose t - 67 = -5*g - 2*t, -z*g - 2*t + 52 = 0. Suppose 2*p - g = -1. What are the prime factors of p?
5
Suppose 285*f + 3*o = 287*f - 2153, o = 3. What are the prime factors of f?
23, 47
Let d(c) = c**3 + 10*c**2 + 9*c + 12. Let v be d(-9). Suppose 4*m - v - 12 = 0. What are the prime factors of (-4)/(-12) + 22/m?
2
Let h be ((-12)/(-10))/((-3)/(-10)). Let w(a) = -165 + 5*a**3 - 9*a + 172 - 2*a**3 + a**3 - 3*a**3. List the prime factors of w(h).
5, 7
Let a(n) = -n**3 - 6*n**2 - 6*n - 9. Suppose 2*f - 13 = -3. Suppose -f*p + 5*k = 24 + 16, 0 = -4*k + 8. List the prime factors of a(p).
3
Suppose -c + 3901 = 3*a, 4*c = -6*a + 2*a + 5204. What are the prime factors of a?
2, 5, 13
Let k(h) = -3*h**3 - 6*h**2 + 3*h - 5*h**2 + 4*h**3 + 2. Suppose 8*z = 2*z + 66. What are the prime factors of k(z)?
5, 7
Suppose -6 = 2*p + 4*d, -2*d = -0*d - 8. Let u = p - -14. List the prime factors of u*((-52)/6)/(-1).
2, 13
Let t = 27 + -27. Suppose -5*o = -t*o. Let a(n) = -2*n**2 + 16. List the prime factors of a(o).
2
Let i be 7 + 2*1/(-1). List the prime factors of (6/i)/(9/150).
2, 5
Let j(k) = -2*k**2 - k - 4. Let t(x) be the third derivative of x**5/60 - x**3/6 + 10*x**2. Let q(v) = -j(v) + 2*t(v). What are the prime factors of q(-4)?
2, 31
Suppose 2*l + 2 = t + 1, 0 = 5*l - 10. Suppose -260 = -3*h - t*g, 92 = 5*h + 3*g - 368. What are the prime factors of h?
5, 19
Suppose -m = -9 + 1. Let f(i) = -i**3 - i**2 + i + 10. Let j be f(0). Let x = m + j. What are the prime factors of x?
2, 3
Let y(v) = -v**3 - 18*v**2 - 2*v + 26. Let r(k) = -2*k**2 - 7*k - 3. Let p be r(-5). What are the prime factors of y(p)?
2, 31
Let l = -62 - -1041. List the prime factors of l.
11, 89
Let g(i) = -i**3 + 7*i**2 + i - 5. Let f be g(7). Let d(q) = 6*q**3 - 3*q**2 + q - 2. What are the prime factors of d(f)?
2, 3
Suppose 13*q - 14*q + 483 = 0. What are the prime factors of q?
3, 7, 23
Let v(s) be the first derivative of s**4/4 - s**3/3 - 2*s**2 + s - 15. List the prime factors of v(4).
3, 11
What are the prime factors of 28034/10 - 30/(-50)?
2, 701
Suppose -6*j + 1236 = -912. List the prime factors of j.
2, 179
Suppose 1781 - 29 = 3*w. List the prime factors of w.
2, 73
Let f(x) = 8*x**2 + 4*x + 3. Let q be -3 + ((-4)/(-1) - 2). Let z(a) = 2*a. Let b be z(q). List the prime factors of f(b).
3
Let o = -82 + -294. Let h = o - -557. List the prime factors of h.
181
Let n(r) = -r**2 + 5*r - 4. Suppose -u + 1 = -3. Let p be n(u). Suppose q + 107 = 3*m, -2*m + 0*q - q + 63 = p. What are the prime factors of m?
2, 17
List the prime factors of (-3)/(6/(-8)) - (-594 + -20).
2, 3, 103
Let p(r) = 2*r**3 - 3*r**2 - 3*r - 2. Let t be p(-2). Let w = t - -72. Let b = w - 23. List the prime factors of b.
5
Suppose 0*i - 3*i + n = 34, 0 = -4*i + 2*n - 44. Let s be i/(-5) - (-34)/(-85). Suppose 5*p - 110 = 2*l - 3*l, p = -s*l + 31. List the prime factors of p.
3, 7
Let f(o) = o + 2. Let u be f(-10). Let p(i) = i + 9. Let d be p(u). Let y = d - -24. What are the prime factors of y?
5
Suppose 3*u + 702 = 29*u. Suppose -2*l = -0*l - 30. What are the prime factors of 3*6/u*l?
2, 5
Suppose 3*j = 3*l + 3, -3*l - 10 = 2*j + 3. Let t(u) = -6*u**2 + 4*u + 3. Let c be t(j). List the prime factors of 2 + 12/(-4) - c.
2, 7
Let b be 2*(-4)/(2 + -4). Suppose -b*p + 1854 = 5*p. What are the prime factors of p?
2, 103
Let t be -2 + (-3)/(3/2). Let b be 1 - 0*1/t. What are the prime factors of 2*b*3/2?
3
Suppose 4*y = 39*y - 385. Suppose 5*z - 2*f + 32 = -3, f = 3*z + 20. List the prime factors of (2/z)/(y/(-1210)).
2, 11
Let b be 2*(-2 + (-1100)/(-8)). What are the prime factors of 12/3*b/4 - 4?
3, 89
Suppose -9*u - 10 = -28. Suppose 0*f + f - 827 = -5*d, -329 = -u*d - f. What are the prime factors of d?
2, 83
Suppose 65 = 2*v + 5*i, -v + 5*i + 15 = v. Let g = 252 - 97. Suppose 5*l + v = g. What are the prime factors of l?
3
Suppose -3*s = -7*s + 476. List the prime factors of 4/(-8)*-2 + s.
2, 3, 5
Suppose n - 58 = 273. List the prime factors of n.
331
Suppose -12*j = -10 - 998. Let o = j + -73. List the prime factors of o.
11
Let n = -809 + 1396. What are the prime factors of n?
587
Let u = 0 + -3. Let d be (-4)/u*21/14. Suppose 4*x = d*x, 3*k = 3*x + 78. List the prime factors of k.
2, 13
Let g(p) = 5*p**2 - 7*p - 11. Let w(h) = h**2 - 1. Let j(q) = g(q) - 6*w(q). List the prime factors of j(-4).
7
Let q(v) = -1 - 4 + 0 + 13*v. Let r be (2 + 0)*(-2 + 3). List the prime factors of q(r).
3, 7
Suppose -16 = 2*t - 0*t. Let p be (-2)/(-8) - 198/t. List the prime factors of p - 2*3/6.
2, 3
List the prime factors of 5/((-115)/161) + (4592 - -1).
2, 2293
Suppose 227*i = 220*i + 8750. What are the prime factors of i?
2, 5
What are the prime factors of (1 + 4159/3)*465/310?
2081
Let k(i) = -46 + i + 86 - 6*i. What are the prime factors of k(-13)?
3, 5, 7
Let u(l) = -l**2 - 15*l + 10. Suppose 44 = -5*s - 2*i + 5*i, -40 = 3*s + 5*i. What are the prime factors of u(s)?
2, 3, 5
Suppose 2*q - 2*g = -3*q - 47, 4*g = 4*q + 40. Let x = q + 13. List the prime factors of (2 + (-6)/x)*28.
2, 7
Let p(g) = 3*g + 20*g + 120*g**2 - 110*g**2 + 14. List the prime factors of p(-7).
7
Suppose -5*o + 18656 = 6*v, 7*o - 8*o = -3*v + 9335. List the prime factors of v.
3, 17, 61
Let k(o) = 2*o**2 + 2*o - 63. List the prime factors of k(-12).
3, 67
Suppose 20960 = 34*n - 28918. What are the prime factors of n?
3, 163
Let f = 34 - 30. List the prime factors of -5*(0 - -2)*(-2)/f.
5
Suppose 30 = 5*a - 4*g, -2*g = -0*a + 3*a - 40. Let l = 42 - a. List the prime factors of l.
2
Let q(u) = -u**3 - 7*u**2 - 7*u + 20. Let j be q(-10). Suppose -4*k + j = -2*k. List the prime factors of k.
3, 5, 13
Suppose 4*r + 84 = 2*c, -113 + 27 = 4*r - 3*c. Let g = 24 + r. List the prime factors of g/22 - (-394)/11.
2, 3
Let f = -192 + 2171. List the prime factors of f.
1979
List the prime factors of 666 - ((-5)/((-15)/9) - 1).
2, 83
What are the prime factors of 336/(-4)*(2 + 35/(-10))?
2, 3, 7
Let a be -2 + -1 + (-159)/(-2)*2. Suppose p - a = -p. List the prime factors of p.
2, 3, 13
Let k(a) = -2*a**2 + 2*a + 1. Let b be k(2). Let d be (b - 0)/(4/24). List the prime factors of (-518)/d - 2/(-9).
29
Suppose 0 = -4*q + 4*t + 692, 5*t = 5*q + 6*t - 859. Suppose 0 = 2*y - 20 - q. Suppose 3*z + y = 7*z. List the prime factors of z.
2, 3
Suppose 2*g - p - 2 = 16, -4 = -2*p. Let b(a) = 11 - 4953*a**3 - 10*a**2 + 4954*a**3 + 2*a - 2*a. List the prime factors of b(g).
11
Let p = 2472 - 855. List the prime factors of p.
3, 7, 11
Suppose 0 = 18*i - 3880 - 152. List the prime factors of i.
2, 7
What are the prime factors of ((-4266)/(-21))/(1*12/56)?
2, 3, 79
Let k = -18 - -22. Suppose k*r = -3*v + 45 - 17, 16 = 5*r - v. Suppose -b = r*l - 88, 0*b - 4*b + 284 = -l. What are the prime factors of b?
2, 3
Let z(q) = q + q**2 - 1 - 242*q**3 + 130*q**3 + 1. What are the prime factors of z(-1)?
2, 7
Let j = 1224 - -290. What are the prime factors of j